 of 579252588?
2, 3, 127, 373, 1019
List the prime factors of 28075806.
2, 3, 11, 17, 19, 439
List the prime factors of 193251789.
3, 137, 156733
List the prime factors of 140198078.
2, 70099039
List the prime factors of 408241809.
3, 19, 795793
List the prime factors of 741500563.
31, 89, 268757
List the prime factors of 344060109.
3, 853, 14939
List the prime factors of 1070473.
17, 62969
List the prime factors of 26158266.
2, 3, 829, 1753
List the prime factors of 104442053.
104442053
List the prime factors of 39146753.
39146753
What are the prime factors of 35977699?
35977699
What are the prime factors of 191574869?
283, 676943
List the prime factors of 1183221557.
7, 37, 809, 5647
What are the prime factors of 3397028293?
1759, 1931227
What are the prime factors of 369854252?
2, 92463563
What are the prime factors of 4180424971?
131, 673, 47417
What are the prime factors of 19839404?
2, 13, 381527
What are the prime factors of 776043751?
7, 110863393
List the prime factors of 812618959.
1979, 410621
List the prime factors of 2065840470.
2, 3, 5, 7651261
List the prime factors of 64508577.
3, 7, 3071837
List the prime factors of 453596172.
2, 3, 37, 647, 1579
List the prime factors of 24905973.
3, 8301991
What are the prime factors of 540956486?
2, 7, 19, 59, 34469
What are the prime factors of 993730809?
3, 61, 79, 68737
List the prime factors of 2737280837.
2737280837
List the prime factors of 706859101.
13, 131, 269, 1543
What are the prime factors of 15254791?
15254791
List the prime factors of 7984319458.
2, 3251, 1227979
List the prime factors of 2683798592.
2, 41934353
What are the prime factors of 52898417?
11, 13, 33629
List the prime factors of 1997364771.
3, 3253, 22741
List the prime factors of 57453107.
5233, 10979
List the prime factors of 1060573951.
17, 223, 279761
List the prime factors of 2481811857.
3, 7, 31, 401, 3169
What are the prime factors of 1166211421?
41, 28444181
What are the prime factors of 105330989?
59, 211, 8461
List the prime factors of 172715970.
2, 3, 5, 7, 23, 35759
What are the prime factors of 1229893639?
13, 94607203
What are the prime factors of 659981505?
3, 5, 727, 60521
List the prime factors of 368286110.
2, 5, 2251, 16361
List the prime factors of 47563541.
47563541
List the prime factors of 111222135.
3, 5, 23, 41, 2621
List the prime factors of 3054902925.
3, 5, 1319, 30881
What are the prime factors of 463438562?
2, 2887, 80263
What are the prime factors of 239163454?
2, 53, 2256259
What are the prime factors of 2666098742?
2, 163, 8178217
List the prime factors of 4124522319.
3, 739, 1860407
What are the prime factors of 1759374074?
2, 83, 1933, 5483
What are the prime factors of 183835406?
2, 43, 113, 18917
What are the prime factors of 1249239273?
3, 23, 47, 59, 6529
What are the prime factors of 1569721789?
1569721789
What are the prime factors of 14935138?
2, 317, 23557
What are the prime factors of 3262718502?
2, 3, 73, 827681
What are the prime factors of 858017991?
3, 431, 663587
What are the prime factors of 372980?
2, 5, 17, 1097
List the prime factors of 5097996255.
3, 5, 11, 2297, 13451
What are the prime factors of 3119502387?
3, 673, 1545073
List the prime factors of 338113490.
2, 5, 11, 13, 67, 3529
What are the prime factors of 57496875?
3, 5, 6133
What are the prime factors of 95968446?
2, 3, 7, 2284963
List the prime factors of 200090328.
2, 3, 1381, 6037
What are the prime factors of 129809878?
2, 11, 691, 8539
List the prime factors of 294343238.
2, 7, 53, 173, 2293
What are the prime factors of 218426393?
41, 5327473
What are the prime factors of 254239685?
5, 7, 47, 22079
List the prime factors of 50849047.
67, 758941
List the prime factors of 55050831.
3, 11, 556069
List the prime factors of 30131834.
2, 19, 131, 6053
What are the prime factors of 156773966?
2, 17, 4610999
What are the prime factors of 326445129?
3, 3221, 11261
List the prime factors of 135887506.
2, 19, 3575987
List the prime factors of 2427885071.
97, 223, 112241
List the prime factors of 459215905.
5, 91843181
What are the prime factors of 1361108574?
2, 3, 7, 1543207
List the prime factors of 430894005.
3, 5, 28726267
List the prime factors of 1408798621.
283, 2089, 2383
List the prime factors of 1703277228.
2, 3, 409, 347041
List the prime factors of 381339459.
3, 2069, 20479
What are the prime factors of 578116109?
23, 227, 110729
What are the prime factors of 356594755?
5, 11, 19, 103, 3313
What are the prime factors of 21490858?
2, 37, 83, 3499
List the prime factors of 83341912.
2, 43, 242273
List the prime factors of 2311695757.
7, 330242251
What are the prime factors of 48871879?
7, 6981697
What are the prime factors of 84792076?
2, 23, 499, 1847
What are the prime factors of 1279482098?
2, 1571, 407219
List the prime factors of 140091459.
3, 23, 2030311
List the prime factors of 88145283.
3, 29381761
List the prime factors of 23406111.
3, 23, 37691
List the prime factors of 702788537.
11, 63889867
What are the prime factors of 40977830?
2, 5, 4097783
List the prime factors of 6274958285.
5, 857, 1464401
What are the prime factors of 13100419?
59, 222041
List the prime factors of 66932225.
5, 2677289
List the prime factors of 63430064.
2, 113, 35083
What are the prime factors of 2051641913?
1667, 1230739
List the prime factors of 151573665.
3, 5, 10104911
List the prime factors of 454053361.
454053361
List the prime factors of 1017600310.
2, 5, 101760031
What are the prime factors of 1520738777?
19, 80038883
List the prime factors of 457263572.
2, 71, 1610083
What are the prime factors of 747983643?
3, 11, 2060561
List the prime factors of 271624023.
3, 11, 59, 5167
List the prime factors of 655949984.
2, 977, 20981
What are the prime factors of 68787500?
2, 5, 5503
What are the prime factors of 43904966?
2, 7, 67, 46807
List the prime factors of 1094728689.
3, 2029, 6661
What are the prime factors of 269967338?
2, 7549, 17881
What are the prime factors of 5658235827?
3, 67, 1217, 23131
List the prime factors of 165639760.
2, 5, 11, 13, 14479
List the prime factors of 1054393822.
2, 17, 31011583
List the prime factors of 74003907.
3, 17, 1451057
List the prime factors of 907173349.
2887, 314227
List the prime factors of 978373938.
2, 3, 2113, 77171
List the prime factors of 1122145768.
2, 37, 3791033
What are the prime factors of 3041167346?
2, 7, 43, 173, 29201
What are the prime factors of 2222468905?
5, 17, 26146693
What are the prime factors of 1187863030?
2, 5, 53, 2241251
List the prime factors of 6120445.
5, 1224089
What are the prime factors of 1826007772?
2, 1319, 346097
What are the prime factors of 262547384?
2, 11, 2983493
What are the prime factors of 58105561?
83, 700067
List the prime factors of 33622985.
5, 11, 379, 1613
List the prime factors of 62299567.
11, 5663597
What are the prime factors of 48310497?
3, 223, 24071
List the prime factors of 1267372613.
13, 1847, 52783
What are the prime factors of 289557819?
3, 37, 869543
List the prime factors of 2378225920.
2, 5, 7, 265427
What are the prime factors of 536853881?
47, 11422423
What are the prime factors of 3533702280?
2, 3, 5, 17, 89, 19463
What are the prime factors of 89023230?
2, 3, 5, 449, 2203
List the prime factors of 2703967262.
2, 23, 58781897
List the prime factors of 148881667.
11, 111857
What are the prime factors of 111133103?
53, 2096851
List the prime factors of 286785960.
2, 3, 5, 31, 77093
What are the prime factors of 48590480?
2, 5, 47, 12923
What are the prime factors of 2027184833?
23, 2129, 41399
What are the prime factors of 27353805?
3, 5, 43, 42409
List the prime factors of 609095909.
609095909
What are the prime factors of 171441611?
11, 15585601
List the prime factors of 226827560.
2, 5, 29, 195541
What are the prime factors of 694548993?
3, 231516331
List the prime factors of 57979826.
2, 17, 23, 74143
List the prime factors of 144775487.
31, 37, 113, 1117
List the prime factors of 212312806.
2, 53, 241, 8311
List the prime factors of 75980812.
2, 29, 271, 2417
List the prime factors of 154913647.
7, 53, 59651
What are the prime factors of 32272877?
7, 13, 354647
What are the prime factors of 663770813?
23663, 28051
What are the prime factors of 724190742?
2, 3, 11, 23, 159023
List the 